= 40*d - 3054. Give g(68).
-334
Let h(s) = 610*s - 32356. Determine h(53).
-26
Let m(f) = -1884*f - 24487. Determine m(-13).
5
Let q(l) = -8*l**3 + 3*l**2 + 30*l - 39. Calculate q(4).
-383
Let q(f) = 1243*f**2 + 7499*f - 14. Calculate q(-6).
-260
Let i(n) = -n**3 - 599*n**2 + 56602*n - 2746. What is i(-682)?
-18
Let b(v) = 4*v**3 + 48*v**2 - 782*v - 544. Give b(-21).
2
Let b(p) = p**2 + 235*p + 13727. Calculate b(-122).
-59
Let g(n) = 1771*n + 5352. What is g(-3)?
39
Let k(j) = -80459*j - 643654. Determine k(-8).
18
Let r(w) = -16*w**2 + 1062*w + 565. Calculate r(65).
1995
Let o(l) = -16*l**2 - 5314*l + 4824. What is o(-333)?
162
Let z(p) = 636*p - 968. Give z(8).
4120
Let b(q) = -q**3 - 60*q**2 + 838*q + 29169. What is b(-66)?
-3
Let b(h) = h**3 - 80*h**2 + 117*h - 3307. Determine b(79).
-305
Let n(j) = j**2 - 148*j + 5829. Give n(40).
1509
Let u(j) = 2*j**2 - 32*j - 2951. Give u(-25).
-901
Let w(i) = -586*i - 254905. What is w(-435)?
5
Let a(g) = -1167*g + 58449. Calculate a(50).
99
Let i(f) = -5574*f + 1109219. Calculate i(199).
-7
Let o(v) = v**3 - 34*v**2 - 454*v + 16653. Determine o(25).
-322
Let t(z) = -6664*z + 113294. What is t(17)?
6
Let g(o) = -4*o**2 + 89*o + 1059. What is g(-14)?
-971
Let v(t) = 249*t + 1268. What is v(-4)?
272
Let i(s) = 3*s**3 - 166*s**2 + 55*s + 117. Calculate i(55).
117
Let d(b) = -148*b + 909. Calculate d(6).
21
Let t(u) = -4*u**2 + 5748*u + 69558. Determine t(-12).
6
Let v(w) = w**3 - 334*w**2 - 370*w + 11929. Determine v(335).
204
Let o(s) = -392*s + 54948. Calculate o(138).
852
Let y(s) = -49257*s - 886412. What is y(-18)?
214
Let l(j) = -8*j**2 + 476*j - 3664. Calculate l(8).
-368
Let i(s) = -s**3 - 4*s**2 + 390*s - 122. Calculate i(-22).
10
Let w(p) = -82*p**3 - 9*p**2 + 715*p + 1461. Determine w(-2).
651
Let o(k) = k**2 + 26118*k - 130615. Calculate o(5).
0
Let k(q) = q**3 + 15*q**2 - 6650*q - 7508. What is k(75)?
-8
Let x(u) = -2*u**2 - 44*u + 93. Determine x(-15).
303
Let m(i) = -7*i**3 - 304*i**2 - 2071*i - 201. Give m(-35).
9
Let j(s) = 541*s**2 - 158509*s - 1173. Calculate j(293).
-1
Let n(w) = 11774*w + 2919953. Calculate n(-248).
1
Let f(a) = -11*a**2 - 25*a - 205. Calculate f(9).
-1321
Let v(s) = -5649*s - 83533. Calculate v(-15).
1202
Let i(p) = 2*p**2 - 105*p - 14049. Determine i(114).
-27
Let r(a) = 2750497*a + 24754463. Calculate r(-9).
-10
Let y(w) = 42996*w**2 - 300962*w - 61. Determine y(7).
9
Let a(i) = -1937*i + 629513. Determine a(325).
-12
Let f(n) = n**3 - 86*n**2 - 220*n + 25903. Calculate f(85).
-22
Let t(b) = -5*b**3 - 42*b**2 + 1051*b + 9212. Calculate t(-9).
-4
Let z(l) = 5977*l - 1548034. Calculate z(259).
9
Let d(a) = a**3 - 88*a**2 - 776*a - 81. Determine d(-8).
-17
Let w(g) = 1868*g + 1511282. Give w(-809).
70
Let c(l) = -84*l - 2878. Give c(-20).
-1198
Let p(d) = d**2 - 454*d - 293047. Give p(814).
-7
Let s(y) = 144*y - 3888. Calculate s(24).
-432
Let h(q) = -838*q + 258099. Give h(308).
-5
Let g(m) = 170*m + 4114. Calculate g(-24).
34
Let r(k) = 17079*k + 2613092. Determine r(-153).
5
Let o(f) = f**3 + 393*f**2 - 4886*f + 309. Calculate o(12).
-3
Let h(l) = -914*l + 4336. Determine h(5).
-234
Let x(r) = -28035*r + 308335. What is x(11)?
-50
Let f(n) = -42376*n + 5254637. Calculate f(124).
13
Let w(u) = 32*u**2 - 53697*u + 1685. What is w(1678)?
7
Let d(y) = 146*y - 466. Give d(5).
264
Let g(m) = 13*m**2 - 122*m + 528. Calculate g(4).
248
Let n(f) = -14*f**3 + 834*f**2 + 1667*f + 2. Give n(-2).
116
Let b(r) = r**2 + 114*r - 4659. Calculate b(32).
13
Let s(x) = -1877*x - 22560. What is s(-12)?
-36
Let q(v) = -35*v + 1454. What is q(-50)?
3204
Let i(k) = -2675*k**2 - 2525*k + 12. Give i(-1).
-138
Let m(f) = 88*f**2 - 831*f + 7. What is m(9)?
-344
Let p(z) = -z**3 + 45*z**2 - 233*z - 1067. What is p(10)?
103
Let d(j) = -j**2 + 119*j + 13180. Calculate d(-70).
-50
Let a(j) = -15*j**2 + 3460*j + 4643. Calculate a(232).
3
Let n(l) = -2*l**2 - 156961*l + 1569730. Calculate n(10).
-80
Let a(u) = -13*u**3 - 1354*u**2 - 187*u + 2151. Determine a(-104).
-33
Let m(w) = 53*w + 3936. What is m(-82)?
-410
Let c(h) = 1552*h - 35631. Calculate c(23).
65
Let g(q) = 12326*q - 1602326. Give g(130).
54
Let l(z) = -40*z**2 + 9388*z - 28155. Calculate l(3).
-351
Let b(c) = -c**2 + 138*c - 4518. What is b(86)?
-46
Let v(m) = 33*m**2 - 26*m - 30. What is v(-3)?
345
Let s(a) = -3*a**2 - 8428*a + 255318. What is s(30)?
-222
Let f(g) = 354*g + 37306. Give f(-105).
136
Let l(t) = 4*t**2 - 187*t - 29794. Give l(-66).
-28
Let z(l) = -46*l**2 + 344*l + 2017. What is z(-7)?
-2645
Let g(v) = v**3 - 35*v**2 - 169*v + 380. Calculate g(39).
-127
Let b(c) = 76*c**2 - 526*c + 737. Calculate b(5).
7
Let o(d) = -1221*d - 58130. Give o(-48).
478
Let g(p) = -p**3 + 13*p**2 - 74*p + 1109. Give g(14).
-123
Let r(d) = d**2 + 74*d + 1059. Determine r(-53).
-54
Let u(b) = -13*b**3 + 102*b**2 - 60*b - 123. Calculate u(7).
-4
Let s(z) = -z**3 - z**2 - 674*z - 4218. Calculate s(-6).
6
Let l(s) = s**3 + 14*s**2 + 199*s + 1689. Give l(-10).
99
Let d(p) = -4172*p - 2357182. Determine d(-565).
-2
Let d(i) = 2160*i - 645851. Determine d(299).
-11
Let d(b) = -10*b**2 + 18847*b - 18846. What is d(1)?
-9
Let z(u) = -12*u**3 + 7*u**2 + 502*u - 1008. Calculate z(2).
-72
Let k(q) = 11*q**2 - 746*q + 743. Determine k(1).
8
Let y(t) = -5911*t + 24046. What is y(4)?
402
Let i(x) = 570*x - 1092. What is i(2)?
48
Let v(l) = l**2 + 3560*l + 71740. Determine v(-20).
940
Let d(z) = 24532*z - 49085. What is d(2)?
-21
Let v(b) = 137*b**2 + 281*b - 60. Give v(-3).
330
Let i(y) = 12*y**2 - 79*y + 208. Give i(21).
3841
Let a(k) = -156*k + 42117. Give a(270).
-3
Let c(m) = -4*m**3 - 545*m**2 - 141*m - 616. Determine c(-136).
64
Let v(u) = 260*u + 10047. Determine v(-38).
167
Let r(s) = 35*s**2 + 16*s - 28. Give r(1).
23
Let o(h) = -h**3 - 58*h**2 - 763*h + 170. Calculate o(-38).
284
Let m(k) = -3507*k - 52278. Determine m(-15).
327
Let s(p) = 414*p + 465. What is s(-1)?
51
Let f(n) = 5*n**2 + 785*n - 686. What is f(-154)?
-2996
Let z(g) = -2906*g + 31982. Determine z(11).
16
Let v(o) = -5*o**3 + 183*o**2 - 459*o - 203. What is v(3)?
-68
Let n(y) = -5*y**2 - 236*y - 167. What is n(-46)?
109
Let g(t) = -17072*t - 153647. Calculate g(-9).
1
Let r(k) = 57*k + 3211. Give r(-77).
-1178
Let i(r) = 527220*r + 1054444. Calculate i(-2).
4
Let h(i) = -26147*i + 209226. Determine h(8).
50
Let k(a) = 60*a + 1236. Determine k(-21).
-24
Let x(n) = 488*n - 10808. Calculate x(22).
-72
Let n(a) = 8*a**2 + 2536*a + 31643. Calculate n(-13).
27
Let x(b) = -7*b**2 - 1769*b - 44073. Give x(-28).
-29
Let z(g) = g**2 + 7069*g + 77657. Give z(-11).
19
Let g(l) = l**3 + 3*l**2 - 43827*l - 262863. Calculate g(-6).
-9
Let d(r) = 3*r**3 + 78*r**2 - 30*r - 632. What is d(-25)?
1993
Let w(z) = z**3 + 21*z**2 + 3*z - 807. What is w(-17)?
298
Let x(l) = 4*l**2 + 1040*l + 3327. What is x(-257)?
243
Let q(y) = -60*y**3 + 1138*y**2 + 417*y - 7176. Determine q(19).
25
Let b(k) = 2442*k**2 - 41518*k - 33. Calculate b(17).
-101
Let h(o) = 6*o**3 - 685*o**2 + 100*o - 424. What is h(114)?
-2020
Let d(n) = 4872*n - 1174157. Determine d(241).
-5
Let v(s) = s**3 + 56*s**2 + 728*s + 933. Determine v(-14).
-1027
Let f(a) = a**2 - 3*a - 2658. Calculate f(52).
-110
Let y(q) = 2991*q**3 + 17*q**2 - 8*q - 25. Give y(-1).
-2991
Let q(a) = -494*a + 116590. What is q(236)?
6
Let n(s) = -2501*s + 262552. What is n(105)?
-53
Let m(f) = 2*f**3 + 157*f**2 - 2024*f - 13. Determine m(12).
1763
Let k(w) = 10*w**2 + 1553*w - 1551. What is k(1)?
12
Let u(l) = 102*l**2 + 633*l + 56. Calculate u(-6).
-70
Let g(b) = 416*b**3 + 2*b**2 - 225*b + 437. Give g(2).
3323
Let s(o) = -129*o**2 + 103*o + 191. What is s(-2)?
-531
Let z(a) = 3458*a - 1937. Give z(1).
1521
Let q(h) = h**2 - 1837*h + 116909. Calculate q(66).
23
Let d(j) = j**3 + 79*j**2 - 5144*j - 407373. Calculate d(-78).
-57
Let j(n) = 2*n**3 + 21*n**2 - 3175*n - 12. What is j(35)?
338
Let a(c) = 2*c**3 - 24*c**2 + 2492*c - 22168. Give a(9).
-226
Let i(u) = u**2 + 1878*u - 208257. Determine i(105).
-42
Let z(f) = -f**3 + 16*f**2 + 124*f - 949. What is z(16)?
1035
Let b(a) = -199*a**2 + 1217*a - 45. Determine b(6).
93
Let i(z) = -z**3 + 12*z**2 + 9*z - 35. Give i(3).
73
Let d(f) = -f**3 - 156*f**2 - 493*f - 5196. Determine d(-153).
6
Let p(v) = 8277*v - 